 2*o + 2. What is l(h)?
-6
Let i be (-3)/9 - 1/(-3). Let d(v) = -2*v**2 + i*v**2 - 2 + 3*v**2. Let o = 2367 + -2370. Give d(o).
7
Suppose -t + 0*t = -4. Let f(j) be the second derivative of -j**5/20 + j**4/3 + j**3/3 - 2*j**2 + 9*j + 1. Give f(t).
4
Let f(v) = v**3 + v**2 - v + 1. Let l(j) = -3*j**3 - 5*j**2 - 3. Let s(b) = 2*f(b) + l(b). Calculate s(-4).
23
Let b(y) = -y**3 + 6*y**2 + 4*y - 8. Suppose -m + 0*g - 5 = -3*g, 3*m - g = 17. Determine b(m).
-29
Let j(t) = t**2 - 15*t + 19. Let y be j(14). Suppose 0 = y*f + 19 - 49. Let h(z) = z + 5. Give h(f).
11
Let u(a) = -12. Let l(b) = -4*b - 3. Let k be l(-2). Let v(c) = c + 25. Let y(q) = k*u(q) + 2*v(q). What is y(7)?
4
Let a(r) be the third derivative of -r**5/60 - r**4/8 - r**3/2 + 55*r**2 + 1. Let l = -4 + 0. Determine a(l).
-7
Suppose 0 = -5*a, 2*a - a = -4*u. Let w = -1 + 1. Suppose -3*b + w*b + 12 = u. Let t(f) = -2*f + 6. Determine t(b).
-2
Let a(h) = 13*h**2 - 1. Suppose 3*r - 21*r - 270 = 0. Suppose -2*q + 17 = q - 5*x, -4*q - 2*x + 66 = 0. Let y = r + q. Give a(y).
12
Let x = -5 - -10. Let s(g) = 4*g + 1. Let r(i) = 7*i + 3. Let y(w) = -6*r(w) + 11*s(w). Calculate y(x).
3
Let q = -38 - -43. Let z(s) = -2 + 5*s**2 - 2*s**2 - q*s**2 + 2*s**3 + 3. Determine z(1).
1
Suppose 2*u - 4*l = -2, 4*l + 0*l + 5 = 3*u. Let s(h) = h**3 - 8*h**2 + 7*h + 2. Calculate s(u).
2
Let t(z) = -1945*z + 1944*z + 4 - 19. What is t(12)?
-27
Let q(z) = 2*z**2 + 2*z - 1. Suppose -4*x = -5*c + 3, -c + 6*c + 15 = -5*x. Determine q(x).
3
Let d(x) = x**3 - 2*x**2 + 2*x. Let w be d(3). Suppose 2*m - w = -m. Suppose 4 = 2*z - k, -3*k - k - 7 = -m*z. Let f(a) = 2*a - 2. Give f(z).
4
Let a(b) be the third derivative of 1/120*b**6 + 1/8*b**4 + 1/15*b**5 - 1/3*b**3 + 0 + 6*b**2 + 0*b. Suppose -2*h = -h + 3. Give a(h).
-2
Let i(p) = -7894*p**2 + 7895*p**2 - p - 17 + 0*p - p**3. Let o be -1*(-2 + 4 - 2). Give i(o).
-17
Let k(j) = j**2 + 9*j. Let f be k(0). Suppose 4*d + 5*o = 8, 2*d - 7*d - 3*o + 10 = f. Let r(g) = -g. Give r(d).
-2
Let c(v) = 2*v + 4. Let p(j) = j**2 - j. Let b(o) = c(o) - p(o). Suppose -4 = -k + 2. What is b(k)?
-14
Let v(s) be the first derivative of -1/30*s**5 + 0*s + 0*s**2 - 1/4*s**4 + 8 + 2*s**3 + 1/360*s**6. Let b(m) be the third derivative of v(m). Determine b(5).
-1
Let y be 4/(-6) + (-1)/3. Let k(l) = l**2 - l - 1. Let t(q) = -q**3 + 6*q**2 - 5*q - 7. Let u(z) = y*t(z) - k(z). Give u(6).
8
Let v(i) = -3 + 10*i - 24*i + 16*i. What is v(3)?
3
Let n = -9 + 7. Let k(y) be the first derivative of 5*y**3/3 + 2*y**2 + 2*y - 5. Determine k(n).
14
Suppose -3*h + 9*h = -54. Let d(p) = -p**3 - 10*p**2 - 11*p + 8. Give d(h).
26
Let p(d) = -d**2 - 3*d. Suppose 0 = -5*i - 0 - 10. Let t(j) = 5*j**2 + 4*j + 3. Let q be t(i). Suppose 0*k = -5*k - q. Calculate p(k).
0
Let u(j) = j**3 + 3*j**2 - 6*j + 1. Let i(d) = -d**2 - 5*d - 11. Let h be i(-3). Calculate u(h).
-19
Let j be (7 - 11) + 10 + 0. Let s(x) = 3*x - j*x - 2*x + x**2 + 4 + 1. Determine s(4).
1
Let p(c) = 2*c**2 - 8*c - 5. Let i be p(5). Let o(f) = 4 + 2 - 11 + i*f. Give o(5).
20
Suppose -2*n = -6*n + 2*v + 16, -3*n - 5*v = 1. Let h(u) = -2*u**2 + 5 - 2 + 20*u**3 - 19*u**n - 2*u. Determine h(3).
6
Let k(b) = 204 - 217 - 8*b + 7*b. What is k(-10)?
-3
Let n(s) = s**3 - 2*s**2 - 4*s + 1. Let h be (-6)/((-4)/(5 - 1)). Let a(g) = -5*g + 2 - 5 + 2*g**2 + 0*g - 6*g. Let u be a(h). What is n(u)?
-2
Let f(z) = -4*z + 3*z - 1 + 0 - 2. Let s be f(-6). Let v(o) = 0*o - o + 2*o**3 - 3*o**s + 7*o**2 - 6. Give v(7).
-13
Let p = 1247 + -1241. Let t(h) = -3 + 0*h**2 + 7*h - h**2 - 3. Give t(p).
0
Let n(h) be the first derivative of -h**4/4 + h**3 - 3*h**2/2 - 142. Suppose -2*z - 12 = -6*z. Give n(z).
-9
Let k(x) = x**3 + x**2 + x + 1. Let y = 15 - 15. Determine k(y).
1
Let x(n) = n**3 + 4*n**2 - 5*n + 1. Let j(a) = -52*a - 525. Let b be j(-10). Determine x(b).
1
Let g(u) = 11 - 3*u + u**2 - 17 - 2*u**2. Let a(y) = 3*y**2 + 5*y + 11. Let v(r) = 2*a(r) + 5*g(r). Determine v(7).
6
Let d(j) = -3*j - 10 - 11 - 4. Let a be d(-6). Let r(u) = u**3 + 7*u**2 + u + 9. What is r(a)?
2
Suppose 2*b - d = -21, d + 10 = -2*b - 1. Let z(c) be the first derivative of c**4/4 + 8*c**3/3 - c**2/2 - 11*c - 1. Give z(b).
-3
Let u(v) = 3*v**3 - 8*v**2 + 5*v - 3. Let g(z) = 2*z**3 - 7*z**2 + 4*z - 3. Let w(j) = -4*j - 36. Let r be w(-8). Let b(c) = r*g(c) + 3*u(c). Calculate b(-4).
7
Let u = -2 + 4. Suppose 2*c = n + 7, 2*n + 5*c + 7 = u*c. Let j(s) = -s - 7. Give j(n).
-2
Let m(s) be the second derivative of -s**3/6 + s**2 - 4*s + 3. Suppose 4*t = -0*t - 16. Calculate m(t).
6
Let j(u) = -u + 1. Suppose -5*a = -13*a + 48. Let k(s) = -s. Let p(y) = a*k(y) - 5*j(y). Determine p(-4).
-1
Let k be (-16)/(-2) - (-2 + 5). Suppose -3*r + 2*f - k = -21, -2*f - 4 = -r. Let j(h) = -h**3 + 5*h**2 + 8*h - 9. What is j(r)?
3
Let l(i) = 16*i - 3. Let y(t) = 7*t - 1. Let q(b) = 3*l(b) - 8*y(b). Calculate q(-1).
7
Let g be 0 + (13 - 4) + -2. Let s(d) = -2*d + 12. Let o be -1 - (9/3)/1. Let t(b) = -2*b + 13. Let j(w) = o*t(w) + 5*s(w). Calculate j(g).
-6
Let z(s) = -34*s + 9. Let p(g) = 27*g - 10. Let u(t) = 4*p(t) + 3*z(t). Give u(2).
-1
Suppose 101*u = 105*u - 20. Let d(h) = h**2 - 4*h + 4. Determine d(u).
9
Let j(y) be the second derivative of y**5/20 - y**4/3 + y**3/3 + 3*y**2/2 + y. Let k = 5435 - 5432. Determine j(k).
0
Let w = 103 + -103. Suppose w = u - 8 + 5. Let y(c) = c**3 - 2*c**2 + c - 4. Calculate y(u).
8
Suppose 5*h - 15 = -5*y, -y + 5*h = 3*y - 30. Let m(t) = -48*t + 48. Let g(j) = 3*j - 3. Let n(o) = 66*g(o) + 4*m(o). Calculate n(y).
24
Let r = 29 + -21. Let d(i) be the first derivative of 3*i**2/2 - 12*i - 32. Give d(r).
12
Suppose 11*q - 4*q = 0. Let r(i) = -6 - 25*i - 2*i**2 + i**2 + 25*i. Determine r(q).
-6
Let f(p) = -5*p**3 + p**2 - 1. Suppose t = 5*q + 24, -3*t + 2*t - 3*q - 8 = 0. Suppose 4*k = -2*x + t*x - 6, -x = 2*k + 1. Give f(x).
-5
Let v(m) = 2 - 2 + 8*m - 5 - m**2 - 2 + 1. Calculate v(7).
1
Let i(x) = x**3 - 5*x**2 + 5*x - 6. Let y = 53 - 95. Let c be (-14)/(-4)*(-48)/y. Give i(c).
-2
Let r(s) be the first derivative of s**3/3 - 7*s**2/2 + 10*s - 45. Give r(4).
-2
Let q(i) be the second derivative of i**4/4 + 2*i**3/3 - 3*i. Suppose 11 + 4 = -w. Let t(g) = -12*g**2 - 15*g. Let f(z) = w*q(z) - 4*t(z). What is f(-1)?
3
Let s(f) be the second derivative of f**4/12 - 5*f**3/6 - 2*f + 113. Suppose 3*a - 2*l - 10 = a, 4*a + 3*l - 13 = 0. What is s(a)?
-4
Let s(o) be the third derivative of o**5/15 + o**4/4 + o**3/3 - 329*o**2. What is s(-2)?
6
Let n = 522 + -536. Let f(g) = -g - 23. Give f(n).
-9
Let h be ((-16)/(-10))/((-50)/125). Let x(m) = m - 1. Determine x(h).
-5
Let d(p) = -2*p + 23. Let t be d(12). Let g be (-2 - -2 - t) + -5. Let j(y) = -y - 4. Determine j(g).
0
Let j = -1805 + 1805. Let y(i) be the third derivative of j*i + 0 - 11*i**2 + 1/4*i**4 + 0*i**3. Calculate y(2).
12
Let x(p) = -2*p**2 - 27*p - 11. Let d(h) = -h**2 - 14*h - 5. Let f(g) = -11*d(g) + 6*x(g). What is f(-6)?
1
Let p = -8 - -14. Let h(w) = -w**2 + 11*w + 5. Let m(o) = -o**2 + 10*o + 4. Let g(z) = -5*h(z) + 6*m(z). Calculate g(p).
-7
Let u(z) = -z**2 + 9*z + 4. Let r(k) = k + k**2 - 26 + 8 - 2*k - 16. Let h be r(7). Determine u(h).
12
Let c = 3 + -17/6. Let l(m) be the second derivative of 1/12*m**4 + 0*m**2 + 0 + 9*m - c*m**3. What is l(4)?
12
Let o(m) = -63 - 64 + 2*m + 133. Give o(11).
28
Let l(y) be the second derivative of y**4/12 + 5*y**3/2 - 7*y**2/2 - 272*y. Give l(-15).
-7
Suppose 4*o - 6 = o. Suppose -5*p = p - 18. Let f(b) = -o - p*b**3 + 3*b**3 + 7*b**2 + 5*b + b**3 + 6. What is f(-6)?
10
Suppose 5*g = 5*h - 5, 2*g + 4*h + 32 = -0*g. Let s(l) = l - 5. Let q be s(8). Let u(f) = 2*f + 4 - 6*f**2 + 3*f**q - 1 - 4*f**3. Determine u(g).
-9
Let x(v) = 2*v - 1. Let l be x(-1). Let y(t) = -4*t**3 - 2*t**2 - t - 7. Let s(q) = 3*q**3 + q**2 + q + 6. Let k(f) = l*s(f) - 2*y(f). What is k(0)?
-4
Let h(d) = 7*d**2 - 26*d + 14. Let q(l) = 2*l**2 - 6*l + 1. Let s(w) = h(w) - 4*q(w). Give s(0).
10
Let l(x) be the first derivative of x**4/4 + x**3/3 - 2*x**2 - x + 1. Suppose 8*w = 9*w + 71. Let m = 68 + w. Determine l(m).
-7
Let b be (-2)/(((-8)/(-68))/(-1)). Let p = b - 13. Let y(v) = v**3 - 5*v**2 + 5*v - 7. Let t be y(p). Let a(n) = n**2 - 2*n + 3. Determine a(t).
18
Let s(u) = 4*u**2 + u**2 - u**3 - 4 -